{"id":48,"date":"2017-01-11T17:49:06","date_gmt":"2017-01-11T16:49:06","guid":{"rendered":"http:\/\/murs.fr\/?page_id=48"},"modified":"2017-01-11T17:50:50","modified_gmt":"2017-01-11T16:50:50","slug":"mission","status":"publish","type":"page","link":"http:\/\/murs.fr\/?page_id=48","title":{"rendered":"Mission"},"content":{"rendered":"<p>Responsables nous le sommes tous individuellement : scientifiques et non scientifiques, d\u00e9cideurs et citoyens. Souvent b\u00e9n\u00e9ficiaires dans l&rsquo;imm\u00e9diat du progr\u00e8s scientifique, nous sommes comptables des risques que, mal orient\u00e9, il peut faire courir \u00e0 l&rsquo;humanit\u00e9. Toute responsabilit\u00e9, pour exister comme pour s&rsquo;exercer, exige information et r\u00e9flexion, pr\u00e9lude au dialogue d&rsquo;o\u00f9 doit \u00e9merger la d\u00e9cision g\u00e9n\u00e9ratrice d&rsquo;avenir. Contribuer \u00e0 la prise de conscience de cette responsabilit\u00e9 et fournir l&rsquo;information qui ouvre les voies de la d\u00e9cision, c&rsquo;est la mission du Mouvement Universel de la Responsabilit\u00e9 Scientifique.<\/p>\n","protected":false},"excerpt":{"rendered":"<p>Responsables nous le sommes tous individuellement : scientifiques et non scientifiques, d\u00e9cideurs et citoyens. Souvent b\u00e9n\u00e9ficiaires dans l&rsquo;imm\u00e9diat du progr\u00e8s scientifique, nous sommes comptables des risques que, mal orient\u00e9, il peut faire courir \u00e0 l&rsquo;humanit\u00e9. Toute responsabilit\u00e9, pour exister comme pour s&rsquo;exercer, exige information et r\u00e9flexion, pr\u00e9lude au dialogue d&rsquo;o\u00f9 doit \u00e9merger la d\u00e9cision g\u00e9n\u00e9ratrice &hellip; <a href=\"http:\/\/murs.fr\/?page_id=48\" class=\"more-link\">Continuer la lecture<span class=\"screen-reader-text\"> de &laquo;&nbsp;Mission&nbsp;&raquo;<\/span><\/a><\/p>\n","protected":false},"author":1,"featured_media":0,"parent":14,"menu_order":0,"comment_status":"closed","ping_status":"closed","template":"","meta":{"spay_email":"","footnotes":""},"jetpack_sharing_enabled":true,"jetpack_shortlink":"https:\/\/wp.me\/P8hHEz-M","jetpack-related-posts":[{"id":560,"url":"http:\/\/murs.fr\/?page_id=560","url_meta":{"origin":48,"position":0},"title":"Num\u00e9ro 1 :L'Homme et le Climat, 30 ann\u00e9es de recul","date":"27 juin 2022","format":false,"excerpt":"Paysage d'hiver avec patineurs et trappe aux oiseaux, Pieter Bruegel, 1565 EditorialPour la renaissance de la revue du MURS Fond\u00e9 en 1974, le Mouvement Universel de la Responsabilit\u00e9 Scientifique (MURS) reste convaincu de la pertinence du projet qui animait ses membres\u00a0fondateurs: contribuer au d\u00e9bat sur la responsabilit\u00e9 scientifique au sein\u2026","rel":"","context":"Article similaire","img":{"alt_text":"","src":"https:\/\/i2.wp.com\/murs.fr\/wp-content\/uploads\/2022\/02\/Pieter_Bruegel_d._A\u0308._093-scaled.jpg?resize=350%2C200","width":350,"height":200},"classes":[]},{"id":569,"url":"http:\/\/murs.fr\/?page_id=569","url_meta":{"origin":48,"position":1},"title":"Num\u00e9ro 2 : S'informer et communiquer  en p\u00e9riode de pand\u00e9mie","date":"15 septembre 2022","format":false,"excerpt":"Editorial Mars 2020\u00a0: du jour au lendemain, la France enti\u00e8re s\u2019est improvis\u00e9e virologue et \u00e9pid\u00e9miologiste. Du citoyen le plus r\u00e9tif aux mati\u00e8res scientifiques \u00e0 l\u2019expert le plus pointu dans son domaine, chacun est parti en qu\u00eate d\u2019informations sur le SARS-CoV-2, la Covid-19 et les solutions th\u00e9rapeutiques. Pass\u00e9 le premier effet\u2026","rel":"","context":"Article similaire","img":{"alt_text":"","src":"","width":0,"height":0},"classes":[]},{"id":56,"url":"http:\/\/murs.fr\/?page_id=56","url_meta":{"origin":48,"position":2},"title":"Manifeste des Mad\u00e8res","date":"4 juillet 2018","format":false,"excerpt":"Avec l\u2019acc\u00e9l\u00e9ration et la multiplication des activit\u00e9s de recherche depuis le XXe et le XXIe si\u00e8cle, la soci\u00e9t\u00e9 s\u2019interroge sur la d\u00e9marche scientifique. En effet, les sources et les m\u00e9thodes du savoir scientifique ont vari\u00e9, sont devenues plus complexes en th\u00e9orie comme en exp\u00e9rimentation. En m\u00eame temps, elles se m\u00ealent\u2026","rel":"","context":"Article similaire","img":{"alt_text":"","src":"","width":0,"height":0},"classes":[]},{"id":504,"url":"http:\/\/murs.fr\/?page_id=504","url_meta":{"origin":48,"position":3},"title":"La Revue du MURS : Archives","date":"14 f\u00e9vrier 2022","format":false,"excerpt":"Les Cahiers du MURS : de 1984 \u00e0 2011 Science & Devenir de l'Homme - Les Cahiers du MURS, revue trimestrielle en Sciences Humaines et Sociales, est apparue en 1984, publi\u00e9e par l'association \"Mouvement Universel de la Responsabilit\u00e9 Scientifique\".De 1984 \u00e0 2011, la revue rapporte les Conf\u00e9rences\u00a0et\u00a0Cours publics\u00a0de l'association sur\u2026","rel":"","context":"Article similaire","img":{"alt_text":"","src":"","width":0,"height":0},"classes":[]},{"id":31,"url":"http:\/\/murs.fr\/?page_id=31","url_meta":{"origin":48,"position":4},"title":"Pr\u00e9sentation","date":"11 janvier 2017","format":false,"excerpt":"Le Mouvement Universel de la Responsabilit\u00e9 Scientifique est une Association loi 1901 qui a pour but d'organiser des manifestations, destin\u00e9es \u00e0 la prise de conscience des probl\u00e8mes qui peuvent r\u00e9sulter pour l\u2019humanit\u00e9 du d\u00e9veloppement de la science et de ses applications. L\u2019Association organise des colloques, conf\u00e9rences, s\u00e9minaires, enqu\u00eates, \u00e9tudes et\u2026","rel":"","context":"Article similaire","img":{"alt_text":"","src":"","width":0,"height":0},"classes":[]},{"id":14,"url":"http:\/\/murs.fr\/","url_meta":{"origin":48,"position":5},"title":"Le M.U.R.S.","date":"11 janvier 2017","format":false,"excerpt":"Le Mouvement Universel de la Responsabilit\u00e9 Scientifique est une Association loi 1901 qui a pour but d\u2019organiser des manifestations, destin\u00e9es \u00e0 la prise de conscience des probl\u00e8mes qui peuvent r\u00e9sulter pour l\u2019humanit\u00e9 du d\u00e9veloppement de la science et de ses applications. L\u2019Association organise des colloques, conf\u00e9rences, s\u00e9minaires, enqu\u00eates, \u00e9tudes et\u2026","rel":"","context":"Article similaire","img":{"alt_text":"","src":"","width":0,"height":0},"classes":[]}],"_links":{"self":[{"href":"http:\/\/murs.fr\/index.php?rest_route=\/wp\/v2\/pages\/48"}],"collection":[{"href":"http:\/\/murs.fr\/index.php?rest_route=\/wp\/v2\/pages"}],"about":[{"href":"http:\/\/murs.fr\/index.php?rest_route=\/wp\/v2\/types\/page"}],"author":[{"embeddable":true,"href":"http:\/\/murs.fr\/index.php?rest_route=\/wp\/v2\/users\/1"}],"replies":[{"embeddable":true,"href":"http:\/\/murs.fr\/index.php?rest_route=%2Fwp%2Fv2%2Fcomments&post=48"}],"version-history":[{"count":2,"href":"http:\/\/murs.fr\/index.php?rest_route=\/wp\/v2\/pages\/48\/revisions"}],"predecessor-version":[{"id":51,"href":"http:\/\/murs.fr\/index.php?rest_route=\/wp\/v2\/pages\/48\/revisions\/51"}],"up":[{"embeddable":true,"href":"http:\/\/murs.fr\/index.php?rest_route=\/wp\/v2\/pages\/14"}],"wp:attachment":[{"href":"http:\/\/murs.fr\/index.php?rest_route=%2Fwp%2Fv2%2Fmedia&parent=48"}],"curies":[{"name":"wp","href":"https:\/\/api.w.org\/{rel}","templated":true}]}}

<p>Responsables nous le sommes tous individuellement : scientifiques et non scientifiques, décideurs et citoyens. Souvent bénéficiaires dans l&rsquo;immédiat du progrès scientifique, nous sommes comptables des risques que, mal orienté, il peut faire courir à l&rsquo;humanité. Toute responsabilité, pour exister comme pour s&rsquo;exercer, exige information et réflexion, prélude au dialogue d&rsquo;où doit émerger la décision génératrice d&rsquo;avenir. Contribuer à la prise de conscience de cette responsabilité et fournir l&rsquo;information qui ouvre les voies de la décision, c&rsquo;est la mission du Mouvement Universel de la Responsabilité Scientifique.</p>

<p>Responsables nous le sommes tous individuellement : scientifiques et non scientifiques, décideurs et citoyens. Souvent bénéficiaires dans l&rsquo;immédiat du progrès scientifique, nous sommes comptables des risques que, mal orienté, il peut faire courir à l&rsquo;humanité. Toute responsabilité, pour exister comme pour s&rsquo;exercer, exige information et réflexion, prélude au dialogue d&rsquo;où doit émerger la décision génératrice &hellip; <a href="http://murs.fr/?page_id=48" class="more-link">Continuer la lecture<span class="screen-reader-text"> de &laquo;&nbsp;Mission&nbsp;&raquo;</span></a></p>

Numéro 1 :L'Homme et le Climat, 30 années de recul

Paysage d'hiver avec patineurs et trappe aux oiseaux, Pieter Bruegel, 1565 EditorialPour la renaissance de la revue du MURS Fondé en 1974, le Mouvement Universel de la Responsabilité Scientifique (MURS) reste convaincu de la pertinence du projet qui animait ses membres fondateurs: contribuer au débat sur la responsabilité scientifique au sein…

Numéro 2 : S'informer et communiquer  en période de pandémie

Editorial Mars 2020 : du jour au lendemain, la France entière s’est improvisée virologue et épidémiologiste. Du citoyen le plus rétif aux matières scientifiques à l’expert le plus pointu dans son domaine, chacun est parti en quête d’informations sur le SARS-CoV-2, la Covid-19 et les solutions thérapeutiques. Passé le premier effet…

Manifeste des Madères

Avec l’accélération et la multiplication des activités de recherche depuis le XXe et le XXIe siècle, la société s’interroge sur la démarche scientifique. En effet, les sources et les méthodes du savoir scientifique ont varié, sont devenues plus complexes en théorie comme en expérimentation. En même temps, elles se mêlent…

14 février 2022

Les Cahiers du MURS : de 1984 à 2011 Science & Devenir de l'Homme - Les Cahiers du MURS, revue trimestrielle en Sciences Humaines et Sociales, est apparue en 1984, publiée par l'association "Mouvement Universel de la Responsabilité Scientifique".De 1984 à 2011, la revue rapporte les Conférences et Cours publics de l'association sur…

Présentation

Le Mouvement Universel de la Responsabilité Scientifique est une Association loi 1901 qui a pour but d'organiser des manifestations, destinées à la prise de conscience des problèmes qui peuvent résulter pour l’humanité du développement de la science et de ses applications. L’Association organise des colloques, conférences, séminaires, enquêtes, études et…

Le Mouvement Universel de la Responsabilité Scientifique est une Association loi 1901 qui a pour but d’organiser des manifestations, destinées à la prise de conscience des problèmes qui peuvent résulter pour l’humanité du développement de la science et de ses applications. L’Association organise des colloques, conférences, séminaires, enquêtes, études et…
